00101110011101
What is -b98176 (base 13) in base 9?
-8173520
Convert -24585 (base 11) to base 13.
-130b9
Convert -2191a1 (base 11) to base 3.
-122201200020
-324412323 (base 5) to base 12
-578674
-51bf9 (base 16) to base 10
-334841
Convert -709827 (base 10) to base 13.
-1bb121
441323150 (base 6) to base 7
124150410
What is -102401230 (base 5) in base 8?
-1520605
Convert 5733253 (base 8) to base 12.
62b437
1032324314 (base 5) to base 10
2229959
What is -61457 (base 12) in base 7?
-1035433
34300422 (base 5) to base 12
129362
-848022 (base 13) to base 5
-1243232232
41259 (base 11) to base 6
1142413
-235bc5 (base 13) to base 6
-30010442
Convert 321314304 (base 5) to base 10.
1354329
What is 2221221101201 (base 3) in base 13?
431263
What is -2025040 (base 6) in base 11?
-6697a
What is -535247 (base 10) in base 4?
-2002223033
3117553 (base 9) to base 3
10010121121210
Convert 10011111011011110000110 (base 2) to base 5.
2314134301
What is -4124156 (base 7) in base 3?
-221002011222
-8116b (base 13) to base 8
-703037
-88319 (base 10) to base 4
-111203333
Convert -1200040301 (base 5) to base 11.
-15aa348
What is 11200212110121 (base 3) in base 6?
125304541
105345353 (base 8) to base 13
3a0564b
Convert -1b7185 (base 12) to base 4.
-1313130311
Convert 1b5c2 (base 13) to base 4.
31013203
Convert 123603 (base 13) to base 9.
734100
-b94753 (base 13) to base 5
-2103220221
What is 10311113321 (base 4) in base 14?
24db3b
Convert -2231413111 (base 5) to base 13.
-1044707
Convert 154258 (base 11) to base 4.
322210031
Convert 1232310313 (base 4) to base 9.
761621
Convert -1278546 (base 10) to base 8.
-4701122
What is 2101102200211 (base 3) in base 6?
43103251
What is 102211002322 (base 4) in base 14?
90ac8a
What is 16237 (base 15) in base 7?
415045
Convert 1308627 (base 15) to base 13.
2ab761c
Convert -1112112210 (base 3) to base 13.
-10a2b
What is c8657 (base 16) in base 14?
1751c3
Convert -1011001111011 (base 2) to base 15.
-1a8a
What is 19995b (base 12) in base 15?
8e085
Convert -546203 (base 8) to base 6.
-3533111
Convert 11452053 (base 8) to base 7.
30231240
What is -22847a3 (base 11) in base 10?
-3988636
-167677 (base 10) to base 12
-81051
12301142 (base 5) to base 7
1003466
Convert -19ad (base 16) to base 13.
-2cb8
919850 (base 12) to base 6
120445340
What is -31858782 (base 9) in base 5?
-12420021033
What is 209cd (base 15) in base 4?
121100230
Convert -5673781 (base 10) to base 15.
-7711c1
10001101111010011101111 (base 2) to base 7
54345334
What is -12420340 (base 6) in base 13?
-113397
Convert -2596d2 (base 15) to base 3.
-10101122100022
67210 (base 14) to base 9
421070
What is -80e548 (base 15) in base 10?
-6123443
What is 1737300 (base 8) in base 14?
d2da0
Convert -3581676 (base 10) to base 13.
-985347
3887d (base 16) to base 12
b1bb9
Convert 150678 (base 12) to base 13.
c4b6b
Convert 1103110231 (base 5) to base 14.
464877
Convert 880a0 (base 12) to base 13.
63b13
Convert -3200101 (base 4) to base 6.
-150241
What is -4ca5 (base 14) in base 2?
-11010010100001
Convert -1482870 (base 9) to base 15.
-113999
Convert -5404455 (base 7) to base 13.
-1a0109
Convert -5302 (base 11) to base 8.
-15554
Convert -30402241 (base 6) to base 5.
-210341231
46b8b (base 14) to base 5
21004112
Convert 8a181 (base 15) to base 3.
211022022211
Convert -52173 (base 11) to base 13.
-28815
1132402 (base 5) to base 9
31687
Convert -547ba (base 13) to base 8.
-452541
What is 1100111110011101011011 (base 2) in base 10?
3401563
-22400030 (base 5) to base 12
-978bb
Convert -2424102 (base 11) to base 7.
-50613125
What is -15b3556 (base 13) in base 10?
-7004952
What is -22809d (base 15) in base 2?
-110010010001000101100
What is 1224621 (base 8) in base 5?
41311241
2456b (base 12) to base 5
3033222
What is 1232002000 (base 4) in base 2?
1101110000010000000
What is -3486381 (base 9) in base 5?
-440401242
-1101000101111 (base 2) to base 10
-6703
Convert 221320123 (base 4) to base 15.
35c67
What is 7a8246 (base 11) in base 16?
139a63
10010011111011001111011 (base 2) to base 13
10093a8
What is 12111000220011 (base 3) in base 16?
2c75c8
-81c9d7 (base 15) to base 13
-137c818
3810632 (base 10) to base 16
3a2548
c1d86 (base 15) to base 10
613926
Convert 7319 (base 11) to base 15.
2d1a
3463003 (base 7) to base 16
6a59d
Convert 29897 (base 13) to base 9.
128448
Convert -5620455 (base 9) to base 7.
-34466141
23303123 (base 6) to base 4
2300232123
What is -8b1c (base 16) in base 9?
-53758
Convert -176a8 (base 13) to base 2.
-1011000000100100
What is -1110011100101100011 (base 2) in base 5?
-110122233
Convert -17931c (base 14) to base 13.
-231947
What is 144112111 (base 5) in base 15?
1030a6
258e6 (base 16) to base 12
75032
1613554 (base 7) to base 5
24102310
-451267 (base 10) to base 7
-3556435
What is -5ac7d6 (base 15) in base 9?
-8152683
Convert -14410102 (base 6) to base 8.
-1716466
34221352 (base 6) to base 11
654089
What is -1100111111100000010101 (base 2) in base 12?
-1182b85
628544 (base 13) to base 3
11100000121112
32c04 (base 15) to base 13
5857c
What is 12517373 (base 8) in base 13?
76a4b5
What is -2031420304 (base 5) in base 12?
-14912a7
Convert -11203030222 (base 4) to base 13.
-3bc2a8
Convert 11bfb42 (base 16) to base 10.
18611010
28370421 (base 9) to base 8
65437463
53c1e (base 15) to base 4
1000323323
Convert -2111201212011 (base 3) to base 5.
-320130422
Convert 223504 (base 8) to base 5.
4404323
Convert -122013211 (base 5) to base 6.
-20225221
-5ab4a8 (base 13) to base 12
-886100
Convert -85807 (base 11) to base 6.
-2401330
Convert 1245543 (base 6) to base 15.
15539
Convert 5b0967 (base 12) to base 6.
51330211
3230031 (base 6) to base 11
a9864
What is 2411434031 (base 5) in base 12?
1a4b7a7
Convert 156192 (base 12) to base 13.
c9395
265833 (base 9) to base 6
3245003
-5730111 (base 8) to base 5
-344134312
3157b16 (base 12) to base 7
142153101
What is 22210102020 (base 3) in base 5?
21014301
Convert 1101010111110001100001 (base 2) to base 11.
1a84600
What is -3131212 (base 6) in base 9?
-251358
What is 4086a1 (base 11) in base 14?
130d4d
-9a203 (base 13) to base 5
-32414420
Convert -11454 (base 13) to base 15.
-9503
-301311230 (base 4) to base 10
-204140
What is -76426 (base 16) in base 13?
-13c62a
Convert 735418 (base 15) to base 10.
5485298
What is -2465626 (base 8) in base 11?
-427090
What is -40a1336 (base 12) in base 15?
-1101083
-111000010111111010110 (base 2) to base 3
-10110211221211
333002001 (base 4) to base 12
1054a9
Convert -867213 (base 10) to base 16.
-d3b8d
321542241 (base 6) to base 8
25551161
36500225 (base 7) to base 12
1112b6b
What is -14417 (base 15) in base 8?
-177027
Convert 2052335 (base 6) to base 2.
11000100000000011
What is -46348 (base 9) in base 8?
-74271
What is -24310001 (base 6) in base 9?
-1404701
What is 68c702 (base 14) in base 3?
20201022011102
126074 (base 12) to base 8
1113330
Convert 9c47cb (base 13) to base 3.
20221200220121
4b1a7 (base 12) to base 14
29379
Convert -37577 (base 10) to base 11.
-26261
Convert -2022122110202 (base 3) to base 16.
-12d0bb
-1282007 (base 11) to base 4
-20130121110
-8347d (base 16) to base 13
-15a9a6
1545a8 (base 15) to base 6
34003535
-45545563 (base 7) to base 16
-3cb34d
What is -24223 (base 7) in base 6?
-45041
20011121212201 (base 3) to base 10
3279682
-110222012102 (base 3) to base 8
-762500
Convert 10120010111 (base 3) to base 5.
4220303
What is -64a7c (base 13) in base 3?
-100020120210
Convert -42202 (base 7) to base 4.
-2202112
What is -180774 (base 11) in base 10?
-279107
What is -2488061 (base 11) in base 7?
-51451445
-24aa9 (base 12) to base 13
-19977
-312232 (base 5) to base 12
-5b79
510052 (base 9) to base 11
196872
-1042002 (base 5) to base 2
-100011111001001
-145161 (base 12) to base 14
-8c1cd
Convert 20525123 (base 8) to base 14.
81a29d
Convert -13012110303 (base 4) to base 10.
-1860915
What is -7ab5 (base 12) in base 2?
-11010101101001
Convert 46957 (base 11) to base 6.
1241233
What is 14292658 (base 10) in base 12?
495326a
Convert -88380a (base 12) to base 5.
-1023203030
What is 10652614 (base 10) in base 12?
369885a
-10102211102 (base 3) to base 8
-204131
-22220110012 (base 3) to base 6
-3431305
1090a09 (base 13) to base 16
4d9975
208488 (base 9) to base 15
26c8e
What is 1011001011001101111 (base 2